prime factors of n?
271
Let y be 153/(-45) - (-2 - (-26)/10). List the prime factors of ((-9 - 26) + 9)*38/y.
13, 19
Let x(f) = 532*f**3 + 5*f**2 - 9*f + 22. List the prime factors of x(3).
2, 13, 277
Suppose 18*d = x + 21*d - 17845, -3*d = -5*x + 89261. List the prime factors of x.
17851
Let g be (3 + (-224)/35)*-145. Let a = 813 - g. What are the prime factors of a?
2, 5
Let q(a) = -a - 1. Suppose 29*u = 24*u - 145. Let k = -38 - u. What are the prime factors of q(k)?
2
Let i = -24 - -180. Suppose 151*s + 580 = i*s. What are the prime factors of s?
2, 29
Let y = 0 - -3. Let p(h) = -3*h - 50*h**2 + 4 + 38*h**2 + 22*h**2. What are the prime factors of p(y)?
5, 17
Let n be (-7870)/(-15)*9/6*1. Suppose 0 = -b - 2*s + n, -2*s = -s - 1. What are the prime factors of b?
5, 157
Let n be (-252)/35*(-5)/3. List the prime factors of (-287*5)/(11 - n).
5, 7, 41
Let w = -840 - -233. Let k = 147 - w. List the prime factors of k.
2, 13, 29
Let l be 71262/(-185) - (-4)/(-5). Let s = -362 - l. List the prime factors of s.
2, 3
Suppose 5*v + y = -0*v + 65, 2*v - 5*y = -1. Suppose -3*w - 3*p = -v, p - 4*p + 4 = w. What are the prime factors of w + 3/(-3) + 42 + -2?
43
Let q = 35952 - 24487. List the prime factors of q.
5, 2293
Suppose 3*w = 4*y + 3406, 2*w - 2893 = -2*y - 627. Suppose w = 11*j - 2*j. List the prime factors of j.
2, 3, 7
What are the prime factors of ((-132248)/1220)/((-1)/20)?
2, 271
Let b = -39 - -26. Let v = b + 13. Suppose -3*h - h + 4*n + 220 = v, -2*h = -4*n - 120. List the prime factors of h.
2, 5
Let q be (52/(-20) - -3)*10/(-2). What are the prime factors of (504/(-45))/(q/30)?
2, 3, 7
Suppose -7000 = -3*l - 2*x, 4*l - 53*x = -52*x + 9348. What are the prime factors of l?
2, 73
Suppose -4*y + 22 = 10. Suppose -2*i + 2 = 0, -y*i = v - i - 924. Suppose 2838 = 16*r - v. What are the prime factors of r?
5, 47
Suppose 5*t = -10, -r + 5*t = t - 11. Suppose 3*u = 2*x + 11, -r*x - 3 - 3 = -u. What are the prime factors of ((-97)/u)/(((-2)/3)/2)?
97
Suppose -3*z = a - 106, -3*a + 0*a = z - 30. Let q be z/12 - (-4)/2. Suppose -4*w + 8*w - 4*s = 524, 2*w = -q*s + 248. What are the prime factors of w?
3, 43
Suppose 3*j + 0 = l + 11, 3*j - 5*l - 19 = 0. Suppose 3*d = -5*h + 356, -5*d + 277 = -j*h + 7*h. Let x = -63 + h. What are the prime factors of x?
2, 5
Let c = -1041 + 2881. Suppose 2*o + 8*o - c = 0. List the prime factors of o.
2, 23
Let g = -132 - -68. Let o = g - -78. Suppose -o*d + 1134 = -7*d. List the prime factors of d.
2, 3
Suppose -g = -1 - 3. Suppose 2*b - g = -2*b - 4*d, 4*d = 5*b - 23. Suppose 19 = b*v - 68. What are the prime factors of v?
29
List the prime factors of (-731088)/(-39) - (-2 - (-288)/156).
2, 7, 13, 103
Let w(s) = s**2 + 11*s + 27. Let t be w(-8). Suppose 13*o = t*o - 120. List the prime factors of 205 - (-1*2)/(24/o).
2, 3, 17
List the prime factors of (3 - 0) + (3 - 36840/(-5) - 5).
7369
Let p = -32511 - -55256. What are the prime factors of p?
5, 4549
Let i(k) = 11*k + 4 - 2*k + 4. Let v be i(2). Suppose p = -p + v. What are the prime factors of p?
13
Suppose -3*c + 5*c + 5*j = 5029, 2*c + 3*j = 5031. What are the prime factors of c?
3, 839
Let y be 0 - (-42)/9 - (-70)/(-105). Suppose 2 = -m - 3, -2*z - y*m + 952 = 0. What are the prime factors of z?
2, 3
Let a = 53505 - 15400. List the prime factors of a.
5, 7621
Let i = 55395 + -26228. List the prime factors of i.
29167
Suppose 20 + 7 = -9*u. List the prime factors of 0 + 208 - (4 - -2)/u.
2, 3, 5, 7
Let j(l) = l**2 + 14*l + 24. Suppose 5*w + 33 = b - 27, -w - 12 = b. Let x be j(w). List the prime factors of 1280/7 + 1/7 + x.
3, 61
Let x be 1 - 2/(-2 - (-211)/106). Suppose 855 + x = 2*d. What are the prime factors of d?
2, 3, 89
Let f = 25328 + -15652. What are the prime factors of f?
2, 41, 59
Let t(y) = -119*y - 391 - 32*y + 428. List the prime factors of t(-7).
2, 547
Let a = -163 + 163. Suppose -5*x = 5*h - 666 - 314, -2*h + x + 398 = a. List the prime factors of h.
2, 3, 11
Let f be (-930)/(-50)*5*(-1)/(-3). Suppose f*b = 13901 - 2679. List the prime factors of b.
2, 181
Let n(w) = -462*w - 29. What are the prime factors of n(-47)?
5, 4337
Let q(w) = -2274*w**3 - 4*w**2 + 15*w + 42. List the prime factors of q(-2).
2, 4547
Suppose 4*q + h = -21, 0 = -5*q + 7*q - h + 3. What are the prime factors of 494/(-57)*18/4*q?
2, 3, 13
Let y(w) = -w**2 - 15*w - 40. Let c be y(-12). Let f be 1 + (3 - 759)/c. List the prime factors of (f/(-4))/(-2 - 6/(-4)).
5, 19
Let i = 7 - 11. Let m be -33*(-3)/9*i. List the prime factors of (m/10)/((-28)/350).
5, 11
Let f be (-10)/2 - (8 - 7). What are the prime factors of 2/f - 2/6*-445?
2, 37
Suppose 94337 - 1211669 = -164*r. List the prime factors of r.
3, 757
Let l = -6 + 85. Suppose -5*q + 1006 = -4*w - l, -3*w - 15 = 0. What are the prime factors of q?
3, 71
Let t(h) = 12*h + 6161. What are the prime factors of t(0)?
61, 101
Let l = -35 + 55. Suppose l*w - 2541 = 999. What are the prime factors of w?
3, 59
List the prime factors of ((-854)/(-28) + (1 - 7))*270.
3, 5, 7
Let k = 7470 + -2843. List the prime factors of k.
7, 661
Let x(b) = 46*b**2 - 11*b - 6. Let v be x(5). Let j = v - -66. Suppose -j = -5*r - 5*m, -r + 90 + 171 = -5*m. What are the prime factors of r?
2, 59
Suppose -4*f + 340 + 739 = 5*k, k + 3*f = 229. Suppose 0 = -7*g + 4*g - 228. Let d = g + k. List the prime factors of d.
3, 5
Suppose 14*z = 238 + 42. Suppose -30*l + z*l = -1090. What are the prime factors of l?
109
Let a(m) = 208*m**2 + 74*m + 26. List the prime factors of a(7).
2, 11, 61
List the prime factors of (-3 - -2) + 12 + (-6 + 14 - -6187).
2, 29, 107
Let y be 4/(-24) - 95/(-30). Suppose -8622 = -y*s - 15*s. List the prime factors of s.
479
Suppose 4*p + 6*g - 21891 - 6641 = 0, 0 = 3*p - 5*g - 21342. What are the prime factors of p?
2, 13, 137
Let x(t) = t**3 - 7*t**2 + t + 3. Let l be x(7). Let d be l/(-4)*(-508)/10*3. Suppose 2*i + 474 = 3*q + 2*q, -i = -4*q + d. List the prime factors of q.
2, 3
Let r be -136 - 9/6*4/6. Let f = r + 204. Let p = 70 - f. List the prime factors of p.
3
Let n be 1/(-1 - (-144)/140). Let j = n - 14. List the prime factors of j.
3, 7
Suppose 22*u = 23*u + 42. Let y be 8/(-28) - 12/u. Suppose 7*p - 879 - 318 = y. List the prime factors of p.
3, 19
Suppose -1056656 = -48*z + 232259 + 95837. List the prime factors of z.
17, 1697
Let x(r) = -2*r**2 - 31*r + 49. Let h(i) = i**2 + i + 2. Let o(p) = h(p) + x(p). List the prime factors of o(-15).
2, 3, 23
Suppose s - 4*b + 142 = 0, -304 = -1511*s + 1513*s - 3*b. Let i = -41 + -44. Let x = i - s. List the prime factors of x.
73
Suppose -276882 = -14*j + 434486. List the prime factors of j.
2, 12703
Suppose 58*l = -3*l + 278842 + 440348. List the prime factors of l.
2, 3, 5, 131
Let m be 72100/(-245) - (-2)/7. Suppose 0 = 3*o + 532 - 31. Let s = o - m. List the prime factors of s.
127
Suppose 4 = -2*o, 3*o = 2*l - 7*l + 69. Suppose n = 65 - l. Suppose -b = -3*b + n. What are the prime factors of b?
5
Let c be -1 - 4*6/(-3). Suppose c*m = -2 + 9. List the prime factors of m + -1 + 84 + 3.
3, 29
Suppose 58*u + 34*u - 1466318 = -306106. What are the prime factors of u?
12611
Let f = 125 + -66. Suppose 0 = -7*w + f + 753. Suppose -m + 101 = 5*z, -5*z + 3*z + w = m. What are the prime factors of m?
2, 3, 7
Let r(g) = g**3 - 16*g**2 - 13*g + 7. Let f(l) = -3*l**2 + 18*l + 2. Let t be f(5). List the prime factors of r(t).
3, 5
Suppose -4*f - 2 - 8 = n, 21 = 3*n - 5*f. Suppose 2*c + 3 = w - n, -2*w - c - 15 = 0. List the prime factors of 570/4*((-65)/15 - w).
5, 19
Let o(a) = 9 - 25*a - 65*a**2 + 63*a**2 + 59*a. What are the prime factors of o(15)?
3, 23
Suppose 1732145 = 39*h - 91651. What are the prime factors of h?
2, 3, 433
Suppose 0*q + 4*q = -2*p + 8804, 0 = 3*q - 2*p - 6610. Let c be q/24 + (-6)/8. Let r = -30 + c. What are the prime factors of r?
61
Suppose -67*k + 903890 = -376672 + 358374. What are the prime factors of k?
2, 3, 31, 37
Suppose 5*x - 740 = -2*l, -5*x + 8*x + 348 = l. Suppose -10*a = 14*a - l. List the prime factors of a.
3, 5
List the prime factors of ((-2)/20 - (-15336853)/430)/1.
3, 1321
Suppose 2*g - 2 = 0, 0 = -3*k - 3*g - 115 - 101. Let i = k - -138. List the prime factors of i.
5, 13
Suppose 0 = -5*v + 264*q - 267*q + 45036, -4*v = -4*q - 36048. Lis